e
Is 502871 a composite number?
True
Is 3405563 prime?
False
Is 7110647 composite?
False
Is 6315251 a composite number?
False
Is 158755406 composite?
True
Is 10942915 prime?
False
Is 42079 composite?
True
Is 8764571 composite?
True
Is 689279 prime?
True
Is 14265751 a prime number?
False
Is 19635631 a composite number?
False
Is 1191419 a composite number?
True
Is 326659 a prime number?
True
Is 1160927 composite?
False
Is 88808999 a composite number?
False
Is 159683 prime?
True
Is 873689 composite?
False
Is 10958093 composite?
False
Is 1822251 prime?
False
Is 38662761 a composite number?
True
Is 14151937 composite?
False
Is 4009913 a prime number?
True
Is 1093481 a prime number?
False
Is 46055769 prime?
False
Is 9132577 a composite number?
False
Is 5623591 prime?
True
Is 10176581 a prime number?
False
Is 66794603 prime?
False
Is 341195881 a composite number?
True
Is 98367329 composite?
True
Is 54404083 a prime number?
True
Is 388777109 prime?
False
Is 50561923 a prime number?
False
Is 85156439 a prime number?
True
Is 53284463 a composite number?
True
Is 48050227 a composite number?
False
Is 651107663 composite?
True
Is 6012659 a composite number?
False
Is 17240473 a prime number?
True
Is 8133571 a composite number?
True
Is 60729337 prime?
False
Is 14242 a composite number?
True
Is 79807069 a prime number?
False
Is 1124789 prime?
True
Is 69462169 prime?
False
Is 6379294 a prime number?
False
Is 14422799 prime?
True
Is 1293217 a prime number?
False
Is 1307711 composite?
True
Is 2211167 composite?
True
Is 7863371 composite?
True
Is 8409085 a composite number?
True
Is 302210899 a composite number?
False
Is 16685587 a composite number?
False
Is 19948505 composite?
True
Is 25086527 prime?
True
Is 1220893 prime?
True
Is 1451293 a prime number?
False
Is 2239201 composite?
False
Is 12626519 composite?
True
Is 1858477 composite?
True
Is 553349573 prime?
False
Is 5146061 composite?
False
Is 270964079 prime?
True
Is 26054243 a prime number?
True
Is 97746751 prime?
False
Is 26455439 a prime number?
False
Is 638047139 composite?
True
Is 16979 a composite number?
False
Is 53811509 a prime number?
True
Is 4584963 a composite number?
True
Is 13231153 a composite number?
True
Is 4689461 a composite number?
True
Is 6900829 a prime number?
False
Is 15542069 a prime number?
True
Is 129342827 a composite number?
False
Is 9358345 prime?
False
Is 10630223 prime?
True
Is 920539 prime?
True
Is 32588443 prime?
False
Is 1826479 a prime number?
False
Is 204720617 prime?
True
Is 1402589 a prime number?
True
Is 967873 a composite number?
False
Is 36845813 a composite number?
False
Is 157007 a composite number?
False
Is 117378797 prime?
False
Is 2251586 composite?
True
Is 597173 composite?
True
Is 51017653 a composite number?
True
Is 9929977 composite?
True
Is 437057 prime?
False
Is 1962593 composite?
False
Is 430163 a composite number?
True
Is 5385671 a prime number?
True
Is 28041877 a prime number?
True
Is 2033401 composite?
False
Is 1173134 prime?
False
Is 44416817 prime?
False
Is 5626561 composite?
False
Is 46765681 composite?
False
Is 9693929 composite?
True
Is 93524713 a prime number?
False
Is 33963883 a prime number?
False
Is 1233233597 composite?
False
Is 142321819 a composite number?
False
Is 43002959 composite?
True
Is 34986179 a prime number?
True
Is 2962231 a composite number?
False
Is 14438147 a composite number?
True
Is 584414357 a prime number?
False
Is 1546799 prime?
True
Is 44595766 composite?
True
Is 7465 a prime number?
False
Is 137689 composite?
True
Is 977180789 composite?
True
Is 1344467 prime?
False
Is 7564457 a composite number?
False
Is 12821362 a prime number?
False
Is 4626733 a prime number?
True
Is 149711 a prime number?
True
Is 3358619 a composite number?
True
Is 3705059 a prime number?
True
Is 4489937 a composite number?
False
Is 1775171 prime?
True
Is 6246893 a composite number?
False
Is 68722673 composite?
False
Is 2852027 composite?
False
Is 4669501 a prime number?
True
Is 591127 composite?
False
Is 101785643 prime?
True
Is 110964019 prime?
True
Is 723689 prime?
False
Is 38060791 prime?
False
Is 15492197 composite?
True
Is 538766177 a prime number?
False
Is 183230171 a composite number?
True
Is 12857579 a prime number?
False
Is 2445007 a composite number?
True
Is 682711979 prime?
True
Is 1220147 prime?
True
Is 233926811 composite?
False
Is 4523593 a composite number?
False
Is 52316227 a prime number?
True
Is 2192713 a prime number?
True
Is 46370861 composite?
True
Is 514967 prime?
True
Is 393529 a prime number?
False
Is 247011431 a composite number?
False
Is 83439767 a composite number?
False
Is 65910397 prime?
False
Is 251897657 composite?
True
Is 96952177 a prime number?
False
Is 192737 a composite number?
False
Is 1676035 prime?
False
Is 69844253 a composite number?
True
Is 461021 prime?
False
Is 34231343 a prime number?
False
Is 198600869 prime?
True
Is 660949 prime?
True
Is 82650719 prime?
False
Is 1759763 composite?
False
Is 12825317 a composite number?
False
Is 7432751 prime?
True
Is 186790553 a composite number?
False
Is 20785493 prime?
True
Is 24301111 prime?
False
Is 4054529 a prime number?
False
Is 7563379 a composite number?
False
Is 2958139 prime?
True
Is 256933 a composite number?
True
Is 12373183 composite?
False
Is 8530399 prime?
False
Is 693093 a prime number?
False
Is 77846257 a composite number?
True
Is 265183117 prime?
True
Is 864569 a prime number?
False
Is 165889093 composite?
True
Is 1394951 prime?
False
Is 1928809631 composite?
True
Is 65629391 prime?
True
Is 80690447 prime?
True
Is 12984869 a composite number?
False
Is 1050616523 prime?
False
Is 3846377 composite?
True
Is 35945641 prime?
True
Is 13316231 prime?
True
Is 11458677 a prime number?
False
Is 1030493 prime?
True
Is 64399 a prime number?
True
Is 854239 a composite number?
True
Is 4345493 a prime number?
True
Is 5568769 a composite number?
True
Is 3185363 a composite number?
False
Is 390920393 prime?
False
Is 34631879 composite?
True
Is 82645657 composite?
False
Is 2264071 composite?
True
Is 3328271 composite?
False
Is 209333351 a composite number?
False
Is 18132193 composite?
True
Is 2961839 composite?
False
Is 1384288721 a composite number?
True
Is 777681817 composite?
True
Is 2351807 prime?
False
Is 1232545 a composite number?
True
Is 2170573 composite?
False
Is 15153577 a composite number?
True
Is 38637663 composite?
True
Is 9559531 composite?
True
Is 22942111 a composite number?
True
Is 31958039 composite?
False
Is 1381207 composite?
False
Is 9172721 prime?
True
Is 126616377 a composite number?
True
Is 90467477 composite?
False
Is 2025847 a prime number?
False
Is 8404133 a composite number?
True
Is 2946067 prime?
True
Is 30063853 prime?
True
Is 13143587 composite?
False
Is 15947963 a prime number?
False
Is 220577 a prime number?
False
Is 1420399 prime?
True
Is 247879889 composite?
True
Is 1692263 prime?
False
Is 275711533 prime?
False
Is 138927605 a composite number?
True
Is 28981081 prime?
False
Is 1963187 composite?
False
Is 446318933 a composite number?
True
Is 11715521 composite?
True
Is 878246399 prime?
False
Is 1543259 a composite number?
False
Is 7748407 a prime number?
True
Is 9185263 a prime number?
False
Is 661000921 composite?
True
Is 2644823 prime?
True
Is 107631983 a prime number?
True
Is 884769423 composite?
True
Is 173473 a composite number?
False
Is 114527239 a composite number?
False
Is 83949083 a composite number?
False
Is 73102103 a composite number?
False
Is 997331 composite?
True
Is 94494251 prime?
True
Is 5250277 prime?
True
Is 25951213 a prime number?
True
Is 71646101 composite?
False
Is 121795021 composite?
True
Is 99965027 composite?
False
Is 58676557 prime?
True
Is 3951823 composite?
True
Is 5488423 prime?
True
Is 11785274 composite?
True
Is 51190409 prime?
True
Is 100905157 a prime number?
False
Is 51979547 composite?
False
Is 60209 a prime number?
True
Is 25886423 composite?
True
Is 3716099 prime?
False
Is 52843291 prime?
False
Is 5129402 prime?
False
Is 39386147 a prime number?
False
Is 2883721 a composite number?
True
Is 43422679 a prime number?
True
Is 6111479 composite?
True
Is 633144871 a prime number?
False
Is 14262107 a prime number?
False
Is 446302579 composite?
False
Is 32729377 a prime number?
False
Is 843078059 pr